{"id":37,"date":"2021-11-10T09:15:37","date_gmt":"2021-11-10T09:15:37","guid":{"rendered":"https:\/\/oqrsab.com\/?page_id=37"},"modified":"2022-03-31T08:20:04","modified_gmt":"2022-03-31T08:20:04","slug":"transport-av-farligt-gods-adr","status":"publish","type":"page","link":"https:\/\/oqrsab.com\/index.php\/transport-av-farligt-gods-adr\/","title":{"rendered":"Transport av farligt gods (ADR)"},"content":{"rendered":"\t\t<div data-elementor-type=\"wp-page\" data-elementor-id=\"37\" class=\"elementor elementor-37\">\n\t\t\t\t\t\t\t\t\t<section class=\"elementor-section elementor-top-section elementor-element elementor-element-5b854f3 elementor-section-boxed elementor-section-height-default elementor-section-height-default\" data-id=\"5b854f3\" data-element_type=\"section\">\n\t\t\t\t\t\t<div class=\"elementor-container elementor-column-gap-default\">\n\t\t\t\t\t<div class=\"elementor-column elementor-col-100 elementor-top-column elementor-element elementor-element-7f24717\" data-id=\"7f24717\" data-element_type=\"column\">\n\t\t\t<div class=\"elementor-widget-wrap elementor-element-populated\">\n\t\t\t\t\t\t\t\t<div class=\"elementor-element elementor-element-ac26c94 elementor-widget elementor-widget-heading\" data-id=\"ac26c94\" data-element_type=\"widget\" data-widget_type=\"heading.default\">\n\t\t\t\t<div class=\"elementor-widget-container\">\n\t\t\t<style>\/*! elementor - v3.18.0 - 20-12-2023 *\/\n.elementor-heading-title{padding:0;margin:0;line-height:1}.elementor-widget-heading .elementor-heading-title[class*=elementor-size-]>a{color:inherit;font-size:inherit;line-height:inherit}.elementor-widget-heading .elementor-heading-title.elementor-size-small{font-size:15px}.elementor-widget-heading .elementor-heading-title.elementor-size-medium{font-size:19px}.elementor-widget-heading .elementor-heading-title.elementor-size-large{font-size:29px}.elementor-widget-heading .elementor-heading-title.elementor-size-xl{font-size:39px}.elementor-widget-heading .elementor-heading-title.elementor-size-xxl{font-size:59px}<\/style><h2 class=\"elementor-heading-title elementor-size-default\">Transport av farligt gods (ADR)<\/h2>\t\t<\/div>\n\t\t\t\t<\/div>\n\t\t\t\t\t<\/div>\n\t\t<\/div>\n\t\t\t\t\t\t\t<\/div>\n\t\t<\/section>\n\t\t\t\t<section class=\"elementor-section elementor-top-section elementor-element elementor-element-9af2b69 elementor-section-boxed elementor-section-height-default elementor-section-height-default\" data-id=\"9af2b69\" data-element_type=\"section\">\n\t\t\t\t\t\t<div class=\"elementor-container elementor-column-gap-default\">\n\t\t\t\t\t<div class=\"elementor-column elementor-col-100 elementor-top-column elementor-element elementor-element-abad954\" data-id=\"abad954\" data-element_type=\"column\">\n\t\t\t<div class=\"elementor-widget-wrap elementor-element-populated\">\n\t\t\t\t\t\t\t\t<div class=\"elementor-element elementor-element-74355e8 elementor-widget elementor-widget-text-editor\" data-id=\"74355e8\" data-element_type=\"widget\" data-widget_type=\"text-editor.default\">\n\t\t\t\t<div class=\"elementor-widget-container\">\n\t\t\t<style>\/*! elementor - v3.18.0 - 20-12-2023 *\/\n.elementor-widget-text-editor.elementor-drop-cap-view-stacked .elementor-drop-cap{background-color:#69727d;color:#fff}.elementor-widget-text-editor.elementor-drop-cap-view-framed .elementor-drop-cap{color:#69727d;border:3px solid;background-color:transparent}.elementor-widget-text-editor:not(.elementor-drop-cap-view-default) .elementor-drop-cap{margin-top:8px}.elementor-widget-text-editor:not(.elementor-drop-cap-view-default) .elementor-drop-cap-letter{width:1em;height:1em}.elementor-widget-text-editor .elementor-drop-cap{float:left;text-align:center;line-height:1;font-size:50px}.elementor-widget-text-editor .elementor-drop-cap-letter{display:inline-block}<\/style>\t\t\t\t<p>Hos OQRS finns expertis inom omr\u00e5det transport av farligt gods (ADR) och f\u00f6ljande tj\u00e4nster kan erbjudas:<\/p><p>Utbildning av personalen<\/p><p>Alla personer som \u00e4r involverade i transport av farligt gods ska ha f\u00e5tt 1.3-utbildning innan de utf\u00f6r arbetsuppgifter som r\u00f6r transport av farligt gods. Utbildningen ska best\u00e5 av f\u00f6ljande 3 delar:<\/p><ul><li>Allm\u00e4n utbildning<\/li><li>Funktionsspecifik utbildning<\/li><li>S\u00e4kerhetsutbildning<\/li><\/ul><p>Utbildningen ska ges \u00e5terkommande f\u00f6r att ta h\u00e4nsyn till \u00e4ndrade best\u00e4mmelser. Eftersom f\u00f6reskrifterna revideras och uppdateras vartannat \u00e5r \u00e4r det l\u00e4mpligt att \u00e4ven 1.3-utbildningen repeteras vartannat \u00e5r. Utbildningen ska dokumenteras av arbetsgivaren.<br \/>S\u00e4kerhetsr\u00e5dgivare<br \/>Om ett f\u00f6retag transporterar eller \u00e4r avs\u00e4ndare \u00f6ver vissa m\u00e4ngder ska ha tillg\u00e5ng till en eller flera s\u00e4kerhetsr\u00e5dgivare. Ann Christin \u00e4r auktoriserad s\u00e4kerhetsr\u00e5dgivare och anlitas.<\/p><p>Internrevisioner<\/p><p>L\u00e5t en oberoende expert g\u00e5 igenom verksamheten avseende transport av farligt gods och f\u00e5 en enkel \u00e5tg\u00e4rdslista.<\/p><p>\u00a0<\/p>\t\t\t\t\t\t<\/div>\n\t\t\t\t<\/div>\n\t\t\t\t\t<\/div>\n\t\t<\/div>\n\t\t\t\t\t\t\t<\/div>\n\t\t<\/section>\n\t\t\t\t\t\t\t<\/div>\n\t\t","protected":false},"excerpt":{"rendered":"<p>Transport av farligt gods (ADR) Hos OQRS finns expertis inom omr\u00e5det transport av farligt gods (ADR) och f\u00f6ljande tj\u00e4nster kan erbjudas: Utbildning av personalen Alla personer som \u00e4r involverade i transport av farligt gods ska ha f\u00e5tt 1.3-utbildning innan de utf\u00f6r arbetsuppgifter som r\u00f6r transport av farligt gods. Utbildningen ska best\u00e5 av f\u00f6ljande 3 delar: Allm\u00e4n utbildning Funktionsspecifik utbildning S\u00e4kerhetsutbildning Utbildningen ska ges \u00e5terkommande f\u00f6r att ta h\u00e4nsyn till \u00e4ndrade best\u00e4mmelser. Eftersom f\u00f6reskrifterna revideras och uppdateras vartannat \u00e5r \u00e4r det l\u00e4mpligt att \u00e4ven 1.3-utbildningen repeteras vartannat \u00e5r. Utbildningen ska dokumenteras av arbetsgivaren.S\u00e4kerhetsr\u00e5dgivareOm ett f\u00f6retag transporterar eller \u00e4r avs\u00e4ndare \u00f6ver vissa m\u00e4ngder ska ha tillg\u00e5ng till<a class=\"more-link\" href=\"https:\/\/oqrsab.com\/index.php\/transport-av-farligt-gods-adr\/\">Read More &rarr;<\/a><\/p>\n","protected":false},"author":1,"featured_media":0,"parent":0,"menu_order":0,"comment_status":"closed","ping_status":"closed","template":"","meta":{"footnotes":""},"class_list":["entry","author-admin_xuco0ki8","post-37","page","type-page","status-publish"],"yoast_head":"<!-- This site is optimized with the Yoast SEO plugin v24.9 - https:\/\/yoast.com\/wordpress\/plugins\/seo\/ -->\n<title>Transport av farligt gods (ADR) - OQRS AB<\/title>\n<meta name=\"robots\" content=\"index, follow, max-snippet:-1, max-image-preview:large, max-video-preview:-1\" \/>\n<link rel=\"canonical\" href=\"https:\/\/oqrsab.com\/index.php\/transport-av-farligt-gods-adr\/\" \/>\n<meta property=\"og:locale\" content=\"sv_SE\" \/>\n<meta property=\"og:type\" content=\"article\" \/>\n<meta property=\"og:title\" content=\"Transport av farligt gods (ADR) - OQRS AB\" \/>\n<meta property=\"og:description\" content=\"Transport av farligt gods (ADR) Hos OQRS finns expertis inom omr\u00e5det transport av farligt gods (ADR) och f\u00f6ljande tj\u00e4nster kan erbjudas: Utbildning av personalen Alla personer som \u00e4r involverade i transport av farligt gods ska ha f\u00e5tt 1.3-utbildning innan de utf\u00f6r arbetsuppgifter som r\u00f6r transport av farligt gods. Utbildningen ska best\u00e5 av f\u00f6ljande 3 delar: Allm\u00e4n utbildning Funktionsspecifik utbildning S\u00e4kerhetsutbildning Utbildningen ska ges \u00e5terkommande f\u00f6r att ta h\u00e4nsyn till \u00e4ndrade best\u00e4mmelser. Eftersom f\u00f6reskrifterna revideras och uppdateras vartannat \u00e5r \u00e4r det l\u00e4mpligt att \u00e4ven 1.3-utbildningen repeteras vartannat \u00e5r. Utbildningen ska dokumenteras av arbetsgivaren.S\u00e4kerhetsr\u00e5dgivareOm ett f\u00f6retag transporterar eller \u00e4r avs\u00e4ndare \u00f6ver vissa m\u00e4ngder ska ha tillg\u00e5ng tillRead More &rarr;\" \/>\n<meta property=\"og:url\" content=\"https:\/\/oqrsab.com\/index.php\/transport-av-farligt-gods-adr\/\" \/>\n<meta property=\"og:site_name\" content=\"OQRS AB\" \/>\n<meta property=\"article:modified_time\" content=\"2022-03-31T08:20:04+00:00\" \/>\n<meta name=\"twitter:card\" content=\"summary_large_image\" \/>\n<meta name=\"twitter:label1\" content=\"Ber\u00e4knad l\u00e4stid\" \/>\n\t<meta name=\"twitter:data1\" content=\"1 minut\" \/>\n<script type=\"application\/ld+json\" class=\"yoast-schema-graph\">{\"@context\":\"https:\/\/schema.org\",\"@graph\":[{\"@type\":\"WebPage\",\"@id\":\"https:\/\/oqrsab.com\/index.php\/transport-av-farligt-gods-adr\/\",\"url\":\"https:\/\/oqrsab.com\/index.php\/transport-av-farligt-gods-adr\/\",\"name\":\"Transport av farligt gods (ADR) - OQRS AB\",\"isPartOf\":{\"@id\":\"https:\/\/oqrsab.com\/#website\"},\"datePublished\":\"2021-11-10T09:15:37+00:00\",\"dateModified\":\"2022-03-31T08:20:04+00:00\",\"breadcrumb\":{\"@id\":\"https:\/\/oqrsab.com\/index.php\/transport-av-farligt-gods-adr\/#breadcrumb\"},\"inLanguage\":\"sv-SE\",\"potentialAction\":[{\"@type\":\"ReadAction\",\"target\":[\"https:\/\/oqrsab.com\/index.php\/transport-av-farligt-gods-adr\/\"]}]},{\"@type\":\"BreadcrumbList\",\"@id\":\"https:\/\/oqrsab.com\/index.php\/transport-av-farligt-gods-adr\/#breadcrumb\",\"itemListElement\":[{\"@type\":\"ListItem\",\"position\":1,\"name\":\"Hem\",\"item\":\"https:\/\/oqrsab.com\/\"},{\"@type\":\"ListItem\",\"position\":2,\"name\":\"Transport av farligt gods (ADR)\"}]},{\"@type\":\"WebSite\",\"@id\":\"https:\/\/oqrsab.com\/#website\",\"url\":\"https:\/\/oqrsab.com\/\",\"name\":\"OQRS AB\",\"description\":\"\",\"publisher\":{\"@id\":\"https:\/\/oqrsab.com\/#organization\"},\"potentialAction\":[{\"@type\":\"SearchAction\",\"target\":{\"@type\":\"EntryPoint\",\"urlTemplate\":\"https:\/\/oqrsab.com\/?s={search_term_string}\"},\"query-input\":{\"@type\":\"PropertyValueSpecification\",\"valueRequired\":true,\"valueName\":\"search_term_string\"}}],\"inLanguage\":\"sv-SE\"},{\"@type\":\"Organization\",\"@id\":\"https:\/\/oqrsab.com\/#organization\",\"name\":\"OQRS AB\",\"url\":\"https:\/\/oqrsab.com\/\",\"logo\":{\"@type\":\"ImageObject\",\"inLanguage\":\"sv-SE\",\"@id\":\"https:\/\/oqrsab.com\/#\/schema\/logo\/image\/\",\"url\":\"https:\/\/oqrsab.com\/wp-content\/uploads\/2021\/11\/logga.png\",\"contentUrl\":\"https:\/\/oqrsab.com\/wp-content\/uploads\/2021\/11\/logga.png\",\"width\":412,\"height\":121,\"caption\":\"OQRS AB\"},\"image\":{\"@id\":\"https:\/\/oqrsab.com\/#\/schema\/logo\/image\/\"}}]}<\/script>\n<!-- \/ Yoast SEO plugin. -->","yoast_head_json":{"title":"Transport av farligt gods (ADR) - OQRS AB","robots":{"index":"index","follow":"follow","max-snippet":"max-snippet:-1","max-image-preview":"max-image-preview:large","max-video-preview":"max-video-preview:-1"},"canonical":"https:\/\/oqrsab.com\/index.php\/transport-av-farligt-gods-adr\/","og_locale":"sv_SE","og_type":"article","og_title":"Transport av farligt gods (ADR) - OQRS AB","og_description":"Transport av farligt gods (ADR) Hos OQRS finns expertis inom omr\u00e5det transport av farligt gods (ADR) och f\u00f6ljande tj\u00e4nster kan erbjudas: Utbildning av personalen Alla personer som \u00e4r involverade i transport av farligt gods ska ha f\u00e5tt 1.3-utbildning innan de utf\u00f6r arbetsuppgifter som r\u00f6r transport av farligt gods. Utbildningen ska best\u00e5 av f\u00f6ljande 3 delar: Allm\u00e4n utbildning Funktionsspecifik utbildning S\u00e4kerhetsutbildning Utbildningen ska ges \u00e5terkommande f\u00f6r att ta h\u00e4nsyn till \u00e4ndrade best\u00e4mmelser. Eftersom f\u00f6reskrifterna revideras och uppdateras vartannat \u00e5r \u00e4r det l\u00e4mpligt att \u00e4ven 1.3-utbildningen repeteras vartannat \u00e5r. Utbildningen ska dokumenteras av arbetsgivaren.S\u00e4kerhetsr\u00e5dgivareOm ett f\u00f6retag transporterar eller \u00e4r avs\u00e4ndare \u00f6ver vissa m\u00e4ngder ska ha tillg\u00e5ng tillRead More &rarr;","og_url":"https:\/\/oqrsab.com\/index.php\/transport-av-farligt-gods-adr\/","og_site_name":"OQRS AB","article_modified_time":"2022-03-31T08:20:04+00:00","twitter_card":"summary_large_image","twitter_misc":{"Ber\u00e4knad l\u00e4stid":"1 minut"},"schema":{"@context":"https:\/\/schema.org","@graph":[{"@type":"WebPage","@id":"https:\/\/oqrsab.com\/index.php\/transport-av-farligt-gods-adr\/","url":"https:\/\/oqrsab.com\/index.php\/transport-av-farligt-gods-adr\/","name":"Transport av farligt gods (ADR) - OQRS AB","isPartOf":{"@id":"https:\/\/oqrsab.com\/#website"},"datePublished":"2021-11-10T09:15:37+00:00","dateModified":"2022-03-31T08:20:04+00:00","breadcrumb":{"@id":"https:\/\/oqrsab.com\/index.php\/transport-av-farligt-gods-adr\/#breadcrumb"},"inLanguage":"sv-SE","potentialAction":[{"@type":"ReadAction","target":["https:\/\/oqrsab.com\/index.php\/transport-av-farligt-gods-adr\/"]}]},{"@type":"BreadcrumbList","@id":"https:\/\/oqrsab.com\/index.php\/transport-av-farligt-gods-adr\/#breadcrumb","itemListElement":[{"@type":"ListItem","position":1,"name":"Hem","item":"https:\/\/oqrsab.com\/"},{"@type":"ListItem","position":2,"name":"Transport av farligt gods (ADR)"}]},{"@type":"WebSite","@id":"https:\/\/oqrsab.com\/#website","url":"https:\/\/oqrsab.com\/","name":"OQRS AB","description":"","publisher":{"@id":"https:\/\/oqrsab.com\/#organization"},"potentialAction":[{"@type":"SearchAction","target":{"@type":"EntryPoint","urlTemplate":"https:\/\/oqrsab.com\/?s={search_term_string}"},"query-input":{"@type":"PropertyValueSpecification","valueRequired":true,"valueName":"search_term_string"}}],"inLanguage":"sv-SE"},{"@type":"Organization","@id":"https:\/\/oqrsab.com\/#organization","name":"OQRS AB","url":"https:\/\/oqrsab.com\/","logo":{"@type":"ImageObject","inLanguage":"sv-SE","@id":"https:\/\/oqrsab.com\/#\/schema\/logo\/image\/","url":"https:\/\/oqrsab.com\/wp-content\/uploads\/2021\/11\/logga.png","contentUrl":"https:\/\/oqrsab.com\/wp-content\/uploads\/2021\/11\/logga.png","width":412,"height":121,"caption":"OQRS AB"},"image":{"@id":"https:\/\/oqrsab.com\/#\/schema\/logo\/image\/"}}]}},"_links":{"self":[{"href":"https:\/\/oqrsab.com\/index.php\/wp-json\/wp\/v2\/pages\/37","targetHints":{"allow":["GET"]}}],"collection":[{"href":"https:\/\/oqrsab.com\/index.php\/wp-json\/wp\/v2\/pages"}],"about":[{"href":"https:\/\/oqrsab.com\/index.php\/wp-json\/wp\/v2\/types\/page"}],"author":[{"embeddable":true,"href":"https:\/\/oqrsab.com\/index.php\/wp-json\/wp\/v2\/users\/1"}],"replies":[{"embeddable":true,"href":"https:\/\/oqrsab.com\/index.php\/wp-json\/wp\/v2\/comments?post=37"}],"version-history":[{"count":22,"href":"https:\/\/oqrsab.com\/index.php\/wp-json\/wp\/v2\/pages\/37\/revisions"}],"predecessor-version":[{"id":213,"href":"https:\/\/oqrsab.com\/index.php\/wp-json\/wp\/v2\/pages\/37\/revisions\/213"}],"wp:attachment":[{"href":"https:\/\/oqrsab.com\/index.php\/wp-json\/wp\/v2\/media?parent=37"}],"curies":[{"name":"wp","href":"https:\/\/api.w.org\/{rel}","templated":true}]}}